839681 composite?
False
Is 63737372549 a prime number?
False
Is 10342998103 a prime number?
False
Is 4499981539 a prime number?
True
Is 1678582133 composite?
True
Is 3004892347 a prime number?
True
Is 14341244959 a prime number?
True
Is 4380509362 a prime number?
False
Is 2828071913 a prime number?
False
Is 403733501 a prime number?
False
Is 20776672759 composite?
False
Is 3160042973 prime?
False
Is 3916180963 composite?
False
Is 3217970969 a composite number?
True
Is 2437980739 prime?
True
Is 24236940899 composite?
False
Is 74213747 composite?
False
Is 995632247 composite?
True
Is 4446922973 composite?
True
Is 209895982 a composite number?
True
Is 430435613 composite?
False
Is 232264889 a composite number?
True
Is 1984598413 prime?
False
Is 25569213959 a prime number?
True
Is 3389934313 a composite number?
True
Is 385203673 a prime number?
True
Is 128655363973 composite?
True
Is 1123760207 a composite number?
False
Is 1874921289 a composite number?
True
Is 291275291 prime?
False
Is 22872917051 prime?
True
Is 12750517861 a composite number?
False
Is 140531995 prime?
False
Is 1234246423 a prime number?
True
Is 4312387069 a prime number?
True
Is 2467079 a prime number?
False
Is 58419582889 prime?
False
Is 30664857 a composite number?
True
Is 1301612561 a composite number?
False
Is 4651894019 a composite number?
False
Is 29168897123 prime?
False
Is 11218453249 composite?
False
Is 38646193811 prime?
True
Is 16263206347 prime?
True
Is 17867515439 composite?
True
Is 251614103 a composite number?
True
Is 6554410199 a composite number?
False
Is 798910661 composite?
True
Is 43082767267 prime?
True
Is 32999362271 prime?
False
Is 17830404437 a composite number?
False
Is 939943117 composite?
True
Is 1672372697 a prime number?
False
Is 16712672761 a prime number?
False
Is 1282751011 a composite number?
False
Is 34638673099 prime?
False
Is 9461388611 a prime number?
True
Is 1225083218 composite?
True
Is 8788705399 a composite number?
False
Is 5262806701 a prime number?
True
Is 5906346839 a prime number?
False
Is 12018139231 prime?
False
Is 838383289 prime?
True
Is 20289623 a composite number?
False
Is 1649848411 composite?
False
Is 811201861 prime?
True
Is 20121010783 a prime number?
True
Is 804498005 prime?
False
Is 310505395 composite?
True
Is 42385368101 prime?
True
Is 902289007 composite?
True
Is 297577507 a prime number?
True
Is 118851809833 a composite number?
False
Is 2820907259 composite?
False
Is 680409481 a composite number?
True
Is 3965037331 composite?
False
Is 1482245426 a composite number?
True
Is 15162331669 prime?
True
Is 88645227793 prime?
False
Is 2671334647 a composite number?
True
Is 4233383633 a prime number?
True
Is 1262323289 prime?
True
Is 5386513337 prime?
True
Is 1120158035 a composite number?
True
Is 4519670809 composite?
True
Is 52329045137 a prime number?
True
Is 7332559747 prime?
False
Is 12948854081 prime?
True
Is 732771251 composite?
False
Is 6930818761 a prime number?
False
Is 18478316729 a prime number?
True
Is 37413653 composite?
True
Is 940629527 a prime number?
True
Is 2820517547 a prime number?
False
Is 3204225389 a composite number?
True
Is 6042933181 a composite number?
True
Is 1233667381 composite?
False
Is 1252847801 a composite number?
False
Is 6674850543 a composite number?
True
Is 328229749 prime?
True
Is 67211149 composite?
True
Is 8319870983 prime?
False
Is 131111644085 prime?
False
Is 3373870373 a composite number?
False
Is 7500924979 a prime number?
False
Is 248085379 a prime number?
False
Is 1988573081 prime?
False
Is 10812951839 composite?
False
Is 1807841977 a prime number?
True
Is 5284773877 prime?
True
Is 251724429643 prime?
True
Is 25824548369 prime?
True
Is 1154787061 composite?
False
Is 76052457911 a prime number?
False
Is 27697909507 prime?
False
Is 389490193 a prime number?
False
Is 1187790881 composite?
False
Is 3950250103 composite?
False
Is 124563619 a prime number?
True
Is 3228473306 prime?
False
Is 2021321209 composite?
False
Is 2358621731 a composite number?
False
Is 2464344611 a composite number?
True
Is 332795951 a composite number?
True
Is 14876322031 composite?
False
Is 49075028069 composite?
True
Is 854500973 a prime number?
False
Is 38066227 prime?
False
Is 1370948057 composite?
False
Is 3313474679 prime?
True
Is 2531391767 a composite number?
False
Is 92906760403 a prime number?
False
Is 5293142149 a prime number?
True
Is 324085637 a composite number?
True
Is 6234901529 a prime number?
False
Is 7169921783 a composite number?
False
Is 788921797 prime?
True
Is 925393429 a prime number?
False
Is 10170457211 composite?
True
Is 135452465661 prime?
False
Is 75449847089 composite?
True
Is 14380316187 a composite number?
True
Is 4713466339 composite?
True
Is 3999918227 prime?
False
Is 12975744997 a composite number?
True
Is 254502827 composite?
False
Is 70144999979 a composite number?
True
Is 21662897447 a composite number?
True
Is 17435080259 composite?
False
Is 13828129267 prime?
True
Is 1961515069 prime?
True
Is 28828127177 a composite number?
True
Is 201109823 a prime number?
True
Is 10219505941 a prime number?
False
Is 59563099 prime?
False
Is 21434016811 a composite number?
True
Is 332049613 composite?
True
Is 51081963527 composite?
True
Is 472364805817 prime?
True
Is 4776121859 a prime number?
True
Is 57551318893 a composite number?
False
Is 7531537031 prime?
False
Is 531120151 composite?
False
Is 423519245 a composite number?
True
Is 9155484251 prime?
True
Is 111307403 composite?
True
Is 5277317741 prime?
False
Is 5636005177 composite?
True
Is 222753187 composite?
False
Is 637442893 a composite number?
True
Is 33338169811 composite?
True
Is 1628495579 a prime number?
True
Is 11257014673 a composite number?
False
Is 83801017 composite?
False
Is 634661429 prime?
True
Is 7001854147 a prime number?
True
Is 324560863 a prime number?
False
Is 706835957 a prime number?
True
Is 102878771053 composite?
True
Is 1017724047 a composite number?
True
Is 2050531235 prime?
False
Is 58043147963 composite?
False
Is 13173689 a prime number?
True
Is 3967364113 a composite number?
False
Is 1661421127 a composite number?
True
Is 9763305745 composite?
True
Is 4217179259 a prime number?
False
Is 2284746983 a composite number?
False
Is 7284422641 composite?
False
Is 911569969 composite?
False
Is 19819972783 prime?
False
Is 21040766 a prime number?
False
Is 179737517 composite?
False
Is 219206741509 a composite number?
True
Is 436111787 a composite number?
False
Is 13445736001 prime?
False
Is 4627797281 a composite number?
False
Is 1989822553 prime?
False
Is 28496265553 a composite number?
True
Is 21609431473 composite?
True
Is 30889141511 prime?
False
Is 140344962281 prime?
True
Is 835089529 a composite number?
False
Is 20447359 a composite number?
True
Is 164950767547 prime?
True
Is 70293900401 a prime number?
True
Is 50827816443 composite?
True
Is 5273449 composite?
False
Is 433473451 composite?
True
Is 1398441511 a prime number?
True
Is 980649328099 a composite number?
True
Is 452301427 prime?
False
Is 11780646239 a prime number?
False
Is 31981819 a prime number?
True
Is 51111507101 prime?
False
Is 14934527081 prime?
False
Is 59547223 composite?
False
Is 28699233551 a composite number?
False
Is 3127336321 a prime number?
True
Is 175733771 prime?
False
Is 1421186671 a composite number?
False
Is 5388208843 a prime number?
False
Is 42645857587 a prime number?
False
Is 8740316957 a prime number?
True
Is 95037173347 a composite number?
False
Is 24532551317 composite?
False
Is 698406443 a composite number?
True
Is 11949801581 prime?
True
Is 37383763151 composite?
True
Is 9877514663 prime?
True
Is 51118793006 prime?
False
Is 30635689 composite?
True
Is 571221931 composite?
True
Is 6817931303 a prime number?
True
Is 72895757083 a composite number?
False
Is 37534447553 prime?
True
Is 121363551733 a prime number?
True
Is 3197369209 a prime number?
True
Is 471954887 composite?
False
Is 3276566429 prime?
False
Is 26232163 a prime number?
False
Is 3121831357 composite?
False
Is 496652353 a composite number?
False
Is 13242381847 a prime number?
False
Is 3007548913 a composite number?
False
Is 2072173447 prime?
True
Is 2435800673 composite?
False
Is 17972429 a prime number?
True
Is 306324535171 a composite number?
Fal